 highest common factor of o and 187?
17
Let d(n) = 3*n**2 - 7*n + 7. Let h be d(5). Suppose -5*t = 3*z - 104, 2*t - 4*z - 5 = h. What is the greatest common factor of t and 33?
11
Let p(v) = -2*v**3 - 2*v**2 - 2*v + 1. Let u be p(-2). Let o = -172 + 289. Calculate the greatest common divisor of o and u.
13
Let h be (7/((-7)/6))/(-2). Suppose h*f = -f. Suppose -3*j - 2*j + 125 = f. Calculate the greatest common divisor of j and 5.
5
Let v be 1/(-2) + 23/2. Let r = -3 + -5. Let i(g) = -6*g - 4. Let n be i(r). What is the highest common divisor of v and n?
11
Let d(i) = -i**3 - i + 27. Let m be d(0). Suppose 22*q - 648 = 19*q. Calculate the greatest common divisor of m and q.
27
Let t be -40*(66/(-10) - -3). Suppose 3*n - t = -0*n. Suppose 4*l - 51 = -3. What is the greatest common divisor of l and n?
12
Let q be 98/(-7) + 4/(-2). Let f be q/(-28)*(-7)/(-2). Calculate the greatest common divisor of 3 and f.
1
Suppose 4 = 2*t - 0*t. Let u = 0 - -2. Suppose u*o = 5*o - 66. What is the greatest common divisor of o and t?
2
Let u be (-69)/(-9) - 2/3. Let b(f) = f**3 - 8*f**2 + 9*f - 9. Let a be b(u). Suppose -4*n + a = 1. What is the greatest common divisor of n and 11?
1
Let n(d) = -d - 3. Let f be n(-3). Suppose 31 = b - 0*r - 4*r, -b + r + 22 = f. Calculate the greatest common divisor of 57 and b.
19
Let s(z) = 3*z - 6. Let b be s(6). Let q(k) = -6 - k + k**3 - 2*k - 7*k**2 + 2*k**2. Let w be q(6). What is the greatest common factor of w and b?
12
Suppose 23*i + 348 = 81*i. Let w = 32 + -17. Calculate the highest common factor of i and w.
3
Let j(w) = -39*w**2. Let l be j(-1). Let p = 24 - l. Let t be -1*(-2 + 3) - -8. Calculate the highest common divisor of t and p.
7
Let k be 39/(-2)*(-12)/2. Calculate the highest common divisor of 13 and k.
13
Suppose -20 = -5*o + 5*n, o - 3*n - 4 = 2*n. What is the greatest common divisor of o and 12?
4
Suppose 5*l - 4 - 28 = -4*r, -5*l - 8 = -r. What is the highest common divisor of r and 20?
4
Suppose 4*h + 18 = 6*h. What is the greatest common factor of h and 45?
9
Suppose 12*v = 5*v + 189. What is the greatest common factor of v and 9?
9
Let z(j) = -j**2 - 7*j - 6. Let f be z(-5). Calculate the highest common divisor of f and 10.
2
Suppose -94 = n - 3*n - 5*x, 0 = -2*n - 2*x + 88. What is the highest common divisor of n and 7?
7
Let s = 70 + -45. Suppose -2*t = -2*q + 14, -2*t = 3*q - 3*t - 17. What is the greatest common divisor of s and q?
5
Let a be 4/18 - (-9482)/99. What is the greatest common divisor of a and 12?
12
Let a = 46 + -36. Calculate the greatest common divisor of 10 and a.
10
Suppose u - 15 = -w, -5*w + 11 = u - 8. Let g(n) = 4*n**2 + 2*n. Let d be g(-4). Calculate the highest common divisor of d and u.
14
Suppose -3*n = m + n - 22, -2*n + 4 = 0. Let w(j) = 1 + 3*j**2 - 1 + 4*j - 7 - 6*j. Let l be w(7). Calculate the greatest common divisor of m and l.
14
Suppose 5*x = 159 + 11. Calculate the highest common factor of 374 and x.
34
Suppose -160 = -5*i + v, -4*i + 161 - 33 = -2*v. Calculate the highest common divisor of i and 128.
32
Let k = 29 - 28. What is the highest common divisor of k and 11?
1
Suppose 5*w + 3 = -i - 2, 5*i - 17 = -4*w. Suppose 4*k - i*k - 2*r = -109, 2*k - 4*r = 178. What is the highest common factor of k and 9?
9
Suppose -15 = -2*c + 345. What is the greatest common factor of 45 and c?
45
Let s = 204 - 201. What is the greatest common divisor of s and 12?
3
Suppose -2*x - b + 18 = 0, -b - 5 = -4*x + 19. Suppose -3*m = m - 308. Calculate the greatest common factor of m and x.
7
Let z(h) = h**3 + 7*h**2 - 6*h - 7. Let y be z(-6). Let s = -13 + 26. What is the highest common divisor of s and y?
13
Suppose 0*p = -4*p + 360. Let n be (1 - 1)*4/(-12). Suppose n = 6*c + 35 - 89. Calculate the highest common factor of p and c.
9
Suppose -2*c + 6*c = 64. Let s be 213 - (1 + 6/(-3)). Let f = s + -38. Calculate the greatest common divisor of c and f.
16
Let p be (51/(-30) - 12/15)*-2. What is the greatest common divisor of 1 and p?
1
Let h = -65 - -84. What is the highest common factor of 76 and h?
19
Let k(f) = -9*f + 7. Let i be k(-5). Calculate the highest common factor of i and 39.
13
Let g = 24 - 13. Let c(i) = -3*i + 20. Let p be c(8). Let l = 15 + p. What is the highest common divisor of g and l?
11
Let j = -6 + 5. Let l(i) = -8*i**3 + i**2 + i + 1. Let p be l(j). What is the greatest common divisor of p and 3?
3
Let n = 34 + -21. Suppose -d = 2*d - 513. Let z = -80 + d. What is the highest common factor of n and z?
13
Suppose 2*l - 25 = j, -8 - 41 = -4*l + j. Let x = 76 + -52. Calculate the highest common divisor of x and l.
12
Let t be (-174)/(-8) - (-12)/(-16). Let l be 0 + 7/(t/(-486)). Let h = -42 - l. What is the greatest common divisor of h and 12?
12
Suppose 0 = -a + 4*a - 2*p + 1, a + 22 = 5*p. Let j be (14/6 - 2)*a. Let z(c) = c + 9. Let y be z(0). What is the highest common divisor of j and y?
1
Suppose -5*t - 25 = 0, 55 = 4*g - 5*t - 50. Calculate the highest common divisor of g and 220.
20
Let l = 57 - 22. What is the highest common factor of l and 7?
7
Let v be -1 + (-18)/(-4)*2. Suppose q + 0*q = 2. Suppose 3*h + v = q*h - 5*r, h = 5*r + 32. What is the highest common divisor of 84 and h?
12
Suppose 5*x + 22 = 3*x. Let v = x - -5. Let m be (v/9)/((-4)/6). Calculate the greatest common factor of 4 and m.
1
Suppose -3*g - 4*u = -6*g + 37, 5*g - 51 = -4*u. Let q = g - 2. What is the greatest common factor of q and 18?
9
Let w(i) be the second derivative of -i**5/20 - 5*i**4/12 - i**3/2 - 3*i**2/2 + 3*i. Let j be w(-5). What is the highest common divisor of 132 and j?
12
Let n = 50 - -25. Let x(s) = -70*s**3 - s**2 - 3*s - 2. Let y be x(-1). Let z = -40 + y. Calculate the greatest common divisor of z and n.
15
Let c = 36 + -21. Suppose n = 6*n - 20. Let w = 10 - n. What is the highest common factor of c and w?
3
Let y(l) = 2*l**2 + 17*l + 26. Let u be y(-8). Let h(t) = t**3 - 2*t**2 - t. Let k be h(3). Calculate the greatest common factor of u and k.
6
Let y = 1 - 1. Suppose 0 = 5*t + v - y*v - 70, 5*v = 2*t - 55. Calculate the greatest common factor of t and 60.
15
Let t be (-2 + -16)/(4/(-6)). Suppose 0 = -s + 5*f + 13, 0*s - s + f + 5 = 0. What is the greatest common divisor of s and t?
3
Let z = -49 + 79. Let s be 0 + (-1 - -3) + z. Suppose -4*u + 142 = -178. Calculate the highest common divisor of u and s.
16
Suppose -4*r = -r - 30. Calculate the greatest common divisor of 15 and r.
5
Suppose 0 = f + f - 6, -5*x = -4*f - 868. Calculate the highest common factor of 11 and x.
11
Let u be 0 + 4*3 + -2. Suppose 5*h + 32 = s + u, -h - 2 = 0. Let a(w) = -6*w - 6. Let c be a(-6). Calculate the greatest common divisor of s and c.
6
Let u = -36 + 76. Suppose 12 = 2*d - 4. Calculate the greatest common factor of u and d.
8
Let w = 3 + -1. Suppose 0 = -p - 4*t + 16, -2*t + 16 = w*p - 10. What is the highest common divisor of p and 96?
12
Suppose 0 = 3*n + 2 + 1. Let u be (38/(-4))/(n/2). What is the greatest common divisor of 209 and u?
19
Suppose 20*v - 30*v + 180 = 0. Let k(t) = 33*t. Suppose 24 = 2*g + 2*g. Let h be k(g). Calculate the greatest common factor of h and v.
18
Suppose r - 2*o - 80 = 0, -4*o = -3*r + o + 235. Let z(a) = 10 + a**3 + a**3 - 3*a**3. Let v be z(0). Calculate the highest common factor of r and v.
10
Suppose k - 2*c - 43 = 24, -c - 261 = -4*k. Calculate the greatest common factor of k and 13.
13
Let k be 3*1/(-9)*-3. Let m = 11 - 8. Calculate the highest common factor of k and m.
1
Let x(b) = 2*b + 10. Let v be x(7). Let t be (v/10)/(1/5). Calculate the greatest common divisor of t and 8.
4
Let z be (6 + 0)/(1 - 0). Let g be 15/2 - 3/z. Let b be g/9 - (-4)/18. What is the highest common factor of b and 7?
1
Suppose 27 = 3*b - 2*a, -5*b = -a + 3*a - 29. What is the greatest common divisor of b and 35?
7
Suppose -5*x + 4*u = -2, 2*x - 4 = -x + u. Suppose -f = q + x, 5*q - 14 = 2*q + f. Let m be 10/(-3)*-1*q. Calculate the greatest common factor of m and 70.
10
Let s be 0 + (-3*60)/(-5). What is the highest common divisor of 18 and s?
18
Let f(g) = 3*g**2 + 6*g - 1. Let v be f(-5). Let u = 27 + -18. Let a = -5 + u. What is the greatest common factor of a and v?
4
Let w(c) = 5*c**2 + 4*c + 4. Let g be w(-2). Let f be 52/g*(1 + 35). What is 